nd 19?
19
What is the greatest common factor of 40560 and 15?
15
Calculate the highest common divisor of 160 and 1640.
40
Calculate the highest common divisor of 735 and 42.
21
Calculate the highest common factor of 451 and 943.
41
What is the greatest common divisor of 3 and 487?
1
What is the greatest common divisor of 424 and 80?
8
Calculate the greatest common divisor of 63 and 12.
3
Calculate the greatest common divisor of 530 and 424.
106
What is the highest common factor of 5805 and 270?
135
Calculate the highest common factor of 2523 and 290.
29
Calculate the greatest common divisor of 128 and 208.
16
What is the highest common divisor of 58 and 116?
58
What is the greatest common factor of 148 and 666?
74
Calculate the highest common factor of 128 and 24.
8
Calculate the highest common divisor of 437 and 57.
19
Calculate the highest common divisor of 27828 and 72.
36
What is the highest common divisor of 217 and 1?
1
What is the greatest common factor of 80 and 264?
8
Calculate the greatest common divisor of 1508 and 156.
52
What is the highest common divisor of 1703 and 247?
13
Calculate the highest common divisor of 105 and 3045.
105
What is the greatest common factor of 1225 and 5243?
49
Calculate the highest common factor of 150 and 3.
3
What is the highest common factor of 1816 and 48?
8
What is the greatest common factor of 522 and 2784?
174
Calculate the highest common factor of 405 and 63.
9
Calculate the highest common divisor of 21 and 469.
7
Calculate the highest common factor of 325 and 26.
13
What is the highest common factor of 2002 and 616?
154
Calculate the highest common divisor of 17505 and 9.
9
Calculate the greatest common factor of 42 and 2406.
6
Calculate the highest common factor of 64 and 11744.
32
What is the greatest common factor of 182 and 70?
14
Calculate the highest common factor of 74 and 16132.
74
What is the greatest common divisor of 15950 and 15?
5
What is the greatest common factor of 1701 and 108?
27
Calculate the highest common factor of 34 and 85.
17
Calculate the greatest common divisor of 24 and 1608.
24
Calculate the highest common divisor of 312 and 216.
24
What is the highest common factor of 98 and 994?
14
Calculate the highest common divisor of 41 and 943.
41
What is the greatest common divisor of 297 and 44?
11
What is the highest common factor of 736 and 23?
23
Calculate the highest common factor of 1219 and 23.
23
What is the greatest common divisor of 178 and 26611?
89
What is the highest common divisor of 567 and 42?
21
Calculate the highest common factor of 4158 and 616.
154
What is the highest common factor of 54 and 318?
6
Calculate the highest common divisor of 116 and 493.
29
What is the highest common divisor of 15 and 405?
15
Calculate the greatest common divisor of 16 and 352.
16
What is the greatest common factor of 1369 and 37?
37
Calculate the highest common factor of 60 and 6060.
60
What is the highest common factor of 38 and 304?
38
What is the highest common factor of 609 and 87?
87
What is the greatest common factor of 56 and 98?
14
Calculate the greatest common factor of 196 and 8.
4
What is the greatest common divisor of 2232 and 96?
24
What is the highest common divisor of 550 and 450?
50
What is the greatest common divisor of 954 and 424?
106
Calculate the highest common divisor of 6127 and 22.
11
What is the highest common factor of 440 and 200?
40
Calculate the greatest common divisor of 32 and 5072.
16
What is the greatest common divisor of 792 and 24?
24
What is the greatest common divisor of 4450 and 267?
89
What is the highest common factor of 39 and 87?
3
What is the greatest common factor of 150 and 2325?
75
What is the highest common divisor of 2625 and 42?
21
What is the highest common factor of 678 and 138?
6
What is the greatest common factor of 64 and 24?
8
Calculate the highest common factor of 6 and 64.
2
What is the highest common divisor of 393 and 54?
3
Calculate the highest common factor of 316 and 237.
79
What is the highest common divisor of 32 and 35?
1
Calculate the highest common factor of 170 and 5.
5
Calculate the highest common divisor of 117 and 13.
13
Calculate the highest common divisor of 3772 and 23.
23
What is the highest common divisor of 112 and 98?
14
Calculate the highest common factor of 117 and 78.
39
What is the highest common factor of 451 and 231?
11
Calculate the greatest common factor of 3849 and 6.
3
Calculate the highest common factor of 240 and 144.
48
Calculate the highest common divisor of 132 and 42900.
132
What is the greatest common divisor of 164 and 13653?
41
Calculate the greatest common factor of 12 and 2130.
6
What is the highest common factor of 15 and 35?
5
Calculate the greatest common divisor of 1701 and 28.
7
Calculate the greatest common factor of 240 and 12090.
30
What is the highest common factor of 45 and 330?
15
What is the greatest common divisor of 4 and 764?
4
What is the highest common factor of 55 and 11?
11
Calculate the greatest common factor of 75 and 9.
3
What is the highest common divisor of 245 and 175?
35
Calculate the highest common divisor of 94 and 47.
47
Calculate the greatest common divisor of 3569 and 215.
43
What is the highest common divisor of 70 and 455?
35
Calculate the greatest common factor of 21 and 3.
3
What is the greatest common divisor of 549 and 162?
9
Calculate the highest common divisor of 182 and 637.
91
Calculate the highest common factor of 297 and 81.
27
Calculate the greatest common divisor of 57 and 8398.
19
What is the greatest common divisor of 2288 and 832?
208
Calculate the highest common divisor of 22 and 6446.
22
Calculate the highest common factor of 13 and 325.
13
Calculate the greatest common factor of 693 and 459.
9
Calculate the greatest common divisor of 1634 and 387.
43
Calculate the greatest common factor of 37 and 259.
37
What is the highest common factor of 39 and 12129?
39
What is the greatest common factor of 1122 and 2046?
66
Calculate the highest common factor of 168 and 84.
84
Calculate the highest common divisor of 208 and 247.
13
Calculate the highest common divisor of 1083 and 57.
57
Calculate the greatest common divisor of 8190 and 180.
90
Calculate the highest common factor of 1110 and 60.
30
What is the greatest common factor of 12 and 228?
12
What is the greatest common divisor of 57 and 5073?
57
What is the greatest common factor of 60 and 84?
12
Calculate the greatest common factor of 783 and 1218.
87
Calculate the greatest common factor of 17655 and 66.
33
What is the greatest common divisor of 2004 and 54?
6
Calculate the greatest common factor of 12 and 15.
3
Calculate the highest common factor of 2096 and 655.
131
What is the greatest common divisor of 350 and 35?
35
Calculate the highest common factor of 4205 and 25.
5
What is the greatest common divisor of 126 and 5103?
63
Calculate the greatest common factor of 430 and 20.
10
What is the greatest common divisor of 189 and 702?
27
What is the greatest common factor of 160 and 384?
32
Calculate the highest common divisor of 170 and 4454.
34
Calculate the greatest common divisor of 2600 and 125.
25
What is the highest common factor of 161 and 469?
7
What is the greatest common factor of 11 and 11?
11
Calculate the highest common divisor of 854 and 112.
14
What is the greatest common factor of 49 and 56?
7
What is the highest common divisor of 5 and 59?
1
Calculate the highest common divisor of 1222 and 104.
26
Calculate the greatest common factor of 63 and 7.
7
What is the highest common divisor of 19306 and 196?
98
Calculate the greatest common factor of 126 and 441.
63
Calculate the highest common divisor of 203 and 189.
7
Calculate the highest common divisor of 11 and 6523.
11
Calculate the greatest common divisor of 216 and 360.
72
Calculate the highest common divisor of 2494 and 86.
86
Calculate the highest common factor of 9114 and 1764.
294
Calculate the highest common factor of 20 and 14020.
20
Calculate the greatest common divisor of 132 and 84.
12
What is the greatest common factor of 1856 and 1450?
58
What is the greatest common divisor of 43 and 387?
43
Calculate the highest common divisor of 195 and 1485.
15
What is the highest common factor of 150 and 6910?
10